r + 799*r - 426004 = -4*h. Is h a prime number?
True
Suppose -6*g + 4 = 22. Suppose 0 = 10*b - 16*b + 13920. Let k = b + g. Is k composite?
True
Let o(x) = -57*x**3 - 67*x**3 + x**2 - 8*x**2 + 16*x**3 + 6. Is o(-3) prime?
False
Suppose -3186917 = -5*k + 3*x, -3*x = 4523*k - 4519*k - 2549512. Is k prime?
False
Suppose -19*r + 843349 + 7300 = 0. Is r a prime number?
True
Let f = 2204 - 1590. Is f composite?
True
Let f(p) = p**3 - 10*p**2 + 1. Let w be f(10). Let h be (21/9 - w)*6/4. Is h/(-4) + (3 - 298/(-4)) a composite number?
True
Let d(t) = -847*t**3 - 3*t**2 + 5*t - 7. Let x(s) = -s**3 + s**2. Let m(z) = -d(z) - 4*x(z). Is m(2) a prime number?
False
Suppose 114*h = 58*h + 12053720. Is h composite?
True
Suppose -5*v + 2*c + 118656 = 0, -3*v + 87193 = -4*c + 16005. Let o = -13417 + v. Is o a prime number?
False
Let f be (-77502)/(-8) - -3*(-3)/(-36). Suppose 4*v = f - 1284. Is v prime?
False
Let o be (4 - 2)/(6 - 308/55). Suppose 3*t - 17783 = -j, 0 = j + o*t - 13094 - 4689. Is j composite?
False
Let n(f) = 53*f**2 - 14*f + 5. Let i(b) = -b**3 - 14*b**2 - 30*b - 19. Let p be i(-12). Let k = -49 + p. Is n(k) a composite number?
False
Let m = 106 - 107. Let t be (-5 + 4 - -4) + m. Suppose -2*c = -2*x - 1512, t*x = 5*x - 3. Is c prime?
True
Suppose -3*a + 3*m = a - 43497, -10872 = -a + 3*m. Let w = -6490 + a. Is w a composite number?
True
Let q be (-5 - -1)*(315/20)/(-21). Suppose 56739 = 4*i - q*z, -3*z + 5*z = -i + 14193. Is i composite?
True
Let o be (14 + -17)*46/(-3). Let k = o + -38. Suppose 4*q = k*q - 3260. Is q composite?
True
Suppose -5*q - 3*g + 7 = 0, -2*g = 2*q - 0*q - 2. Suppose -41 = 5*f + q*t, -2*f = 2*f + 5*t + 26. Is (f/(-45))/((-2)/(-2570)) a composite number?
False
Let v = -9874 - -14540. Is v composite?
True
Let s = -46 - -32. Let h be s + 12 + 2 + 2. Suppose h*j + 10 = -0*j, 1964 = k - 3*j. Is k a prime number?
True
Suppose -16*m - 435 = -11*m. Let w = -81 - m. Suppose w*j - 195 - 1023 = 0. Is j composite?
True
Let f(a) = 6174*a - 170. Is f(2) prime?
False
Let j = -159 - -252. Suppose -d + 5*c = -j - 667, 3*d - 5*c = 2230. Suppose 0 = -a - 5*k + d, 5*a - 6*k = -2*k + 3733. Is a prime?
False
Suppose 381*h = 405*h - 273304 - 1950080. Is h a prime number?
True
Suppose 5*h - 4*r - 1424289 = 0, -3*h + 5*r + 103709 = -750867. Is h prime?
True
Suppose 2 = s + 3*n - 1, 0 = -2*s + 4*n + 36. Suppose 8*a - 4*a + 676 = 3*g, -5*g + 5*a + 1125 = 0. Suppose s*r - 5588 = -g. Is r composite?
True
Let l be (13 - 9)*(1 + (-2)/(-8)). Suppose l*r - 3*r + 5375 = u, 16135 = 3*u + 4*r. Let w = u - 2762. Is w a prime number?
False
Let u(v) = -8100*v + 757. Is u(-9) a prime number?
False
Let q(n) be the third derivative of 0 + 1/6*n**3 + 30*n**2 - 379/120*n**6 + 0*n + 1/12*n**4 + 1/60*n**5. Is q(-1) composite?
False
Suppose 48*a - 51*a - 24 = 0. Is (a/(-24))/(2/7158) prime?
True
Is (5878752/15 - -15) + (-1)/(10/8) prime?
False
Suppose -z + 5 = -25. Suppose 0 = -9*j + 24 + z. Suppose 4*g = -j*g + 109030. Is g composite?
False
Let f be (-4860)/(-10) - (0 - 5). Let z = 970 - f. Is z composite?
False
Is (15436756/(-8))/((-138)/12 - -11) composite?
False
Suppose 8*j = -161 - 159. Let a(v) = -2*v**2 - 82*v + 77. Is a(j) prime?
True
Suppose 4*u = -0*u + 64. Suppose -17*s = -u*s - 2455. Is s a prime number?
False
Let m = 6261 + 2402. Is m prime?
True
Suppose -2*z + 2 = -z. Suppose -5*n + 72 = -3*j, 2*j = -z + 4. Let f = n + 44. Is f a composite number?
False
Let a be (-1 + 1)/(-10 + 6 + 3). Suppose a = 7*z + 2*z - 13995. Is z prime?
False
Is -6 + (2/3)/((-77175036)/4823442 + 16) a composite number?
False
Suppose -8796278 = 137*g - 154*g - 1068741. Is g prime?
False
Let t(b) = -5505*b - 32. Let u be t(-6). Suppose -15*m + u = -m. Is m prime?
True
Let x = -84 - -13. Let y = -67 - x. Suppose -5*v - t = -0*v - 7830, y*t + 20 = 0. Is v composite?
False
Let n(y) = y**3 - 2*y**2 + 4*y - 4. Let t be n(2). Let p be 6*(t/(-8) - 1)*-1. Is (-5332)/(-6) - (-3)/p a prime number?
False
Let a(d) = 44773*d**2 - 634*d - 1267. Is a(-2) prime?
False
Let p(w) = 15*w + 88. Let k be p(-6). Is (2/(-3))/(k/1329) a composite number?
False
Suppose -9*q + 694824 + 1348873 = 10*q. Is q composite?
False
Let l be -7*24/(-42) + 6. Suppose 2*u - 4 - 2 = 0. Suppose -r - r = u*v - 11, -2*v + l = 4*r. Is v prime?
True
Let v be (3 + 2*37767/9)*9. Suppose 0 = -c + 2*q + 25621 + 12149, 0 = 2*c + 3*q - v. Is (-1)/(-5) - c/(-20) composite?
False
Let v(k) = -2*k**3 - 16*k**2 + 137*k - 89. Is v(-24) a composite number?
True
Suppose -15768 = -18*m + 6*m. Suppose 6*c = -24 + m. Suppose -4*w = x - 906, -5*w - 4*x + 923 = -c. Is w prime?
False
Let k(i) = i**3 + 26*i**2 + 5*i + 24. Let u be k(-11). Suppose -4*h - 2*g - 572 = -u, -4*h + 1212 = 3*g. Is h a prime number?
False
Suppose 0 = -y + 5*q + 1515, 3*y - 4*q - 7617 = -2*y. Let r = 2579 - y. Let u = -513 + r. Is u composite?
False
Let a be (81/(-12) - -3)/((-5)/20). Suppose -3*r = 6 - a. Is r/(-12) - 0 - 13032/(-32) prime?
False
Suppose 0 = -v - 3*w + 3, 6*v + 2*w = v + 15. Suppose -2*d = 6*m - v*m, -3*m + d = -9. Suppose 0 = m*c - 0*c - 194. Is c a prime number?
True
Let z(o) = -o**2 + 2*o + 7. Let p be z(3). Suppose -6*j + 8*j - 26789 = 3*i, -p*j = 2*i - 53538. Is j a prime number?
False
Let x(z) = z**3 + 9*z**2 + 16*z + 23. Let c be x(-7). Suppose -v = -3*s - 5062, c*v - 4*v - 25360 = 5*s. Is v a prime number?
True
Is ((-669444)/(-19) - -3) + 6/57 composite?
True
Let g = -52 - -56. Let q be 30/2*g/4*-1. Let y(j) = -72*j - 13. Is y(q) composite?
True
Let j = 474 - 476. Let k(n) = -379*n**3 + 5*n + 7. Is k(j) prime?
False
Let w(u) = 2*u + 20. Let o be w(-6). Is 2*11114/o*(1 - -1) composite?
False
Let d(v) = -19591*v + 1112. Is d(-35) composite?
False
Let x(y) = -44*y + 103. Let w(u) = u**3 + 20*u**2 + 78*u + 27. Let s be w(-15). Is x(s) prime?
False
Let z = -298449 + 508270. Is z composite?
False
Let s be (-103337)/(-52) - (-3)/4. Suppose -208 = 4*q + s. Let b = -355 - q. Is b composite?
True
Suppose -5*y - 7 = -2*f + 16, -2*y - 22 = -4*f. Suppose -f*h - 1482 = -11062. Suppose -7205 + h = -10*v. Is v a composite number?
True
Let a = 61769 + 3390. Is a composite?
True
Suppose 0 = -53*k + 44*k + 45. Suppose l + k*f = 11587, 2*l + f - 8112 = 15080. Is l prime?
True
Suppose 3*l = 3*p + 609, 3*l + p + 86 = 675. Let n = l - 185. Is n a composite number?
False
Let b = 393 - -523. Suppose -288 + b = 4*f. Let j = f + 30. Is j a prime number?
False
Suppose -8*l = -67 + 11. Is 266 + (-4 + l)/3 composite?
True
Suppose 7 = 4*b + q - 2, -5 = -2*b - q. Suppose 23 = f + 2*k + b*k, 2*f + 5*k - 31 = 0. Let v(h) = 30*h**3 - h**2 + 4*h - 4. Is v(f) a composite number?
False
Suppose -6*w + 2*w + 34212 = 0. Suppose -w = -6*j + 29493. Is j a prime number?
False
Suppose 0 = -120*x + 1638849 + 25429431. Is x a composite number?
False
Suppose 3*j - 1869 = 5*g, j + 37 = 3*g + 660. Let d be (1/3)/((-2)/(-186)). Suppose -d*m = -24*m - j. Is m composite?
False
Suppose 627408 = 15*v - 39597. Is v composite?
True
Let q(m) = 63388*m + 891. Is q(7) composite?
False
Let t be (-1)/(-4)*32/(-24)*-15. Suppose 0 = -2*c - t + 3. Is (76/8 + -3)*(297 - c) a composite number?
True
Let y = 169 + -167. Is y/(20/36165*(-6)/(-4)) a prime number?
True
Is ((-547492)/(-66))/(((-3)/(-9))/((-4)/(-8))) prime?
False
Let t(v) = -20186*v + 2447. Is t(-20) a prime number?
False
Let f(w) = 9063*w**2 - 44*w - 100. Is f(11) a prime number?
False
Let l = -272562 + 1036603. Is l a composite number?
False
Let g = 355 - 160. Suppose -i - 113 = g. Let l = i - -957. Is l a prime number?
False
Let h(q) = 201*q**2 - 232*q - 26. Let v(s) = -67*s**2 + 77*s + 9. Let f(u) = -2*h(u) - 7*v(u). Is f(-5) composite?
False
Let r be 20034/105*10/4. Let n(q) = -364*q. Let a be n(-2). Let x = a - r. Is x a prime number?
True
Suppose 5*m - 431475 = 4*d, 5*m + 8*d - 4*d - 431515 = 0. Is m a composite number?
True
Let w(o) = -2*o**3 - 2*o**2 + 13*o - 1. Let g be ((-9)/(-2))/(4 + 210/(-48)). Is w(g) a composite number?
False
Suppose -2*d + 4*u + 48 = 0, 3*d - 102 = -2*d + 4*u. Suppose d*y - 9*y = 69021. Is y prime?
True
Let f = 91 - 62. Suppose -17486 = -31*n + f*n. Is n composite?
True
Let z = 569 - -406. Let b = z - 1662. Let f = 1252 + b. Is f prime?
False
Let p(o) = 3*o**2 - 63*o - 76. Let r be p(22). Suppose -2*c + 72 = -2*